**4/12 - 48*a**2. Determine i(-3).
6
Suppose -3 - 25 = 4*x. Let o = 34 + -35. Let c be x/(-6) + o/6. Let l(b) = -b**3 - 1. Determine l(c).
-2
Suppose u = 9 - 2. Let c(q) = q**3 - 6*q**2 - 7*q. What is c(u)?
0
Let l(q) = -q**2 + 6*q - 6. Let p be l(4). Suppose -p*n + 20 = 2*n. Let s(z) = -33*z**3 - 2 + 1 + 32*z**3 - 5*z + 6*z**2. Calculate s(n).
-1
Let p(x) = -9*x**2. Suppose w - 15 = -14. Determine p(w).
-9
Let w = -23 - -22. Let k(s) be the first derivative of s**3/6 + s**2/2 - s + 2. Let u(d) be the first derivative of k(d). Determine u(w).
0
Let a(f) be the second derivative of 1/6*f**3 + 0 + 3/2*f**2 - 4*f - 1/60*f**5 - 1/4*f**4. Let l(n) be the first derivative of a(n). Determine l(-5).
6
Let i be (-88)/5 - (-4)/(-10). Let k = -15 - i. Let y(d) = d**2 - 3*d + 4. Calculate y(k).
4
Let h(r) = 3*r**2 + 11*r - 11*r - 1. Suppose -5*o - v = 2*v + 22, 10 = o - 3*v. Let k be ((-4)/6)/(o/(-3)). Determine h(k).
2
Let o(i) = i - 10. Let j be o(14). Let f(k) = -k**3 + 4*k**2 + 3*k + 1. What is f(j)?
13
Let o(l) = 4*l + 3. Let d(h) = -5*h - 4. Let y(q) = -3*d(q) - 4*o(q). Suppose 15*k = 12*k. What is y(k)?
0
Let h(x) = -x + 3. Suppose -2*a - 13 + 3 = 0, -6 = 3*k + 3*a. Suppose d = -4*u - k, 35 = 4*d - 3*u + 9. Give h(d).
-2
Let u(z) be the second derivative of -z**4/12 + 7*z**3/6 - 7*z**2/2 - z. Let p be 108/20 + (1 - (-28)/(-20)). Give u(p).
3
Let w(j) be the first derivative of -6*j - 7/3*j**3 + 4 - 1/4*j**4 - 3*j**2. Give w(-6).
-6
Let f(k) be the first derivative of k**2 + 8 + 1/3*k**3 - 3*k. What is f(-3)?
0
Let r(s) = 3*s**3 + 2*s**2 - 1. Suppose 14*o = 11*o + 3. Determine r(o).
4
Suppose -17*k - 4 = -21. Let v(c) = -4*c**2. Give v(k).
-4
Suppose -2*j - 12 = -4*j. Let u(q) be the first derivative of -7*q - 2*q**3 + 1/4*q**4 + q**2 - 1. Calculate u(j).
5
Let w(l) = 6*l - 3*l**2 + 7 + 2*l**2 - 2. Let j(r) = -2*r**2 + 5. Let f be j(0). Calculate w(f).
10
Let y(j) = -4*j**3 + 4*j**2 - 3*j + 1. Let h(m) = -9*m**3 + 7*m**2 - 5*m + 2. Let t(i) = -3*h(i) + 7*y(i). Let c be 3/(3/(-18)*-3). Give t(c).
1
Let g(l) = -l - 1. Suppose -2*t - 4*c = -8, 2*c = 2*t - t - 20. Let n be 1/(-2)*2 + -37. Let b be n/(-8) - (-3)/t. Calculate g(b).
-6
Let n(a) be the second derivative of -a**3/3 + a**2 - 4*a. Calculate n(-2).
6
Let q(x) = -7*x + 2. Let r be ((-2)/4)/((7/6)/(-7)). What is q(r)?
-19
Let y(j) = 7*j + 2. Let q(d) = -6*d + 16. Let k be q(3). What is y(k)?
-12
Let z(p) = -2*p - 3. Let d be z(-2). Let r(j) = -3*j**2 + 2*j - 1. What is r(d)?
-2
Suppose 0*x + 4*x - 12 = 0. Let w(b) = -b + x*b + 0*b - 8*b**2 - 1 + 3*b**2. Determine w(1).
-4
Let f(h) = h + 7. Suppose 35 = 9*t - 16*t. Give f(t).
2
Let c(u) = 2*u**2 + 8*u - 2. Let y be (0 - 0)/(-1) - -2. Let k(w) = -1 - 5 + 4 - 8*w - w**2 + 5. Let o(s) = y*c(s) + 3*k(s). Determine o(4).
-11
Let a(p) = p - 1. Let l(x) = -x**2 + 0 - 2*x + 5*x**2 + x**3 - 6. Let m be l(-4). Suppose 3*j - m = 10. What is a(j)?
3
Let s = -2 - -2. Suppose 4*g - 4 = -s. Suppose -3*a - g - 5 = 0. Let h(o) = o**3 - 2*o. What is h(a)?
-4
Suppose 4*t - 17 = 15. Let n(r) = 0*r - 3*r + 1 - t + r. What is n(-5)?
3
Let u(p) be the first derivative of -2*p**3 + p**2/2 - p - 14. Calculate u(1).
-6
Let s(y) = -y + 0*y + 3*y + 6*y. Give s(1).
8
Let t = -85 + 84. Let k(d) = 5*d**2 + 2*d + 1. Determine k(t).
4
Let r(g) be the third derivative of g**4/24 - 2*g**3/3 - g**2. Let c(x) = x**3 - 4*x**2 - 3*x - 4. Let a be c(5). Give r(a).
2
Let u(o) = -3*o - 3. Let t = 2 + 0. Let w = 0 + t. Suppose -10 = w*k + 3*k. Give u(k).
3
Let i(b) = 2*b**2 - 4*b + 6. Let y(x) = -5*x**2 + 9*x - 12. Let n(w) = 7*i(w) + 3*y(w). Determine n(0).
6
Let o(n) be the second derivative of 5*n**4/12 - n**3/3 + n**2/2 + 2*n. Suppose 0 = -2*h - 4, 3*b - 7*b - 2*h = 0. Determine o(b).
4
Suppose 5*o = k + 27 + 3, -k = 5. Suppose o + 5 = 2*f. Suppose -4*l = 3 + f. Let t(x) = -2*x**2 - 3*x - 2. Give t(l).
-4
Let r = 57 - 59. Let b(y) = 4*y - 1. Give b(r).
-9
Let q(i) = i**3 + 4*i**2 + i - 1. Let n be q(-3). Suppose n*p = -4*a - 19, 4*a = -a - p - 29. Let m(l) = l**3 + 7*l**2 + 8*l + 9. What is m(a)?
-3
Let l(j) be the second derivative of -j**3/6 + 17*j**2/2 + j. Let x(o) = -2*o + 42. Let a(f) = 12*l(f) - 5*x(f). What is a(-4)?
2
Let o be 1*2*(-4)/(-8). Let b(x) = x - o + 0*x + 3. Determine b(0).
2
Let t(z) = 3*z + 2. Let n be ((-3 - (-10)/4)*6)/(-1). Give t(n).
11
Let m(o) = 2*o - o**3 - 5*o**2 - 4*o - 1 + o. Let n = 0 - 5. Give m(n).
4
Suppose 0 = -5*q + 7 + 38. Suppose 0 = 4*n - q*n - 15. Let d(p) = -p**2 + 1. Let s(w) = -w**3 - 3*w**2 - 3*w - 1. Let f(k) = 2*d(k) + s(k). Calculate f(n).
-8
Let j(w) = w + 13. Let f(u) = u**3 - 20*u**2 - 21*u. Let g be f(21). Give j(g).
13
Let j(k) = 5*k**2 - k. Let b be (-2)/(-7) + (-136)/(-14). Suppose 0 = 2*w - 5*f - b, 5*w + 2*f = w + 20. Suppose w*h - h = 4. What is j(h)?
4
Let c(r) = r**3 - 6*r**2 + 7*r - 7. Suppose -3*d - 75 = -18*d. Determine c(d).
3
Let h(x) = 2*x + 1. Let u(p) = p**2 + 7*p + 4. Let z be u(-6). Let y = z + 4. Suppose 0 = l + y, -3*s - 5*l = 4 + 3. Give h(s).
3
Let v(y) = -y**2 + 3*y + 4. Suppose -4*c + 4 = -0*c - 5*s, -4*c = 2*s - 32. What is v(c)?
-14
Let h(j) = -j + 4. Suppose -20*w = -31*w. What is h(w)?
4
Let i = 88 - 63. Suppose 0*u - i = 5*u. Let l(q) = 2*q - 6. Let k(b) = b. Let z(a) = -4*k(a) + l(a). What is z(u)?
4
Let f(t) be the first derivative of -t**3/6 + 7*t**2/2 - 3*t + 2. Let z(r) be the first derivative of f(r). Calculate z(0).
7
Let q(k) = -k**3 + 2 - k + k**2 + k**2 + 2. Let y be (1*(3 - -3))/2. Suppose -4*c + c + 5*a - 16 = 0, 0 = -5*c - y*a + 30. Give q(c).
-8
Let l(c) = -c - 1. Let k = -60 - -64. Determine l(k).
-5
Let p be (-5)/(-4)*2*-2. Suppose -1 = 5*k - 6. Let o(a) = a + 3 + k + 10 - 5. Calculate o(p).
4
Let j(u) = -20*u + 12. Let v(d) = -2*d + 1 - 5 + 11*d - 2*d. Let b(f) = -6*j(f) - 17*v(f). Give b(-4).
-8
Let m(u) = -15*u - 1. Let l(w) = w. Let c(s) = 3*l(s) + m(s). Give c(1).
-13
Let x(d) = d**3 - 7*d**2 + 6*d - 1. Let f(g) = -4 - 7*g**3 - 9*g**2 + 8*g + 6*g**3 - 10. Let s be f(-10). What is x(s)?
-1
Let w(x) = x**3 + x**2 - 1. Let k(p) = 6*p**3 + p - 7. Let d(y) = k(y) - 5*w(y). Let b(r) = r**2 - 4*r. Suppose 0 = 4*u + u - 25. Let q be b(u). What is d(q)?
3
Let n(q) be the third derivative of q**6/180 - q**4/12 + 4*q**2. Let s(p) be the second derivative of n(p). Calculate s(-1).
-4
Let c = 19 - 13. Let v(y) = -2*y**3 - 2*y**2 - y - 4. Let f(p) = -3*p**3 - p**2 - 3. Let r(w) = 3*f(w) - 4*v(w). Determine r(c).
-5
Let k(h) = 2*h + 1. Let v(z) = -15*z - 9. Let j(y) = -6*k(y) - v(y). What is j(-8)?
-21
Suppose -4*g - 2 = 2. Let y = 15 - 8. Let q(n) = -7*n**3 + 4*n**2 - y*n**2 - 1 + 3*n**2. Determine q(g).
6
Let w = 1147/61620 + -2/1027. Let n(q) be the third derivative of -1/120*q**6 + 0 + q**2 - w*q**5 + 1/24*q**4 + 0*q + 0*q**3. Give n(-2).
2
Let o(y) = -31*y**2 + 31*y - 4. Let t(i) = -6*i**2 + 6*i - 1. Let k(d) = -2*o(d) + 11*t(d). Let c be 9/2 + 25/(-10). What is k(c)?
-11
Suppose 0 = -2*n + 10, -3*g + 14 = -0*g + n. Let v(j) = -3 - j**3 - 2*j**2 + g*j + 3*j**2 + j + 1. Let c = -3 - -6. Calculate v(c).
-8
Let y(m) = -5*m**3 - 5*m - 1. Let z(h) = 9*h**3 + 9*h + 2. Let r(t) = -7*y(t) - 4*z(t). Let j(g) = -4*g + 1. Let l(x) = j(x) - r(x). Let s = -1 + 3. Give l(s).
4
Let o(m) = 9*m**3 - m**2 + m - 1. Let u(h) = h**2 + 2*h + 2. Let w be u(-3). Let x be (w + -5)/(4/(-2)). Let z = x - -1. Give o(z).
8
Let b be 2 - (-4)/(-12)*-3. Let r(u) = -2*u - 1. What is r(b)?
-7
Let n(o) = 7*o + 7. Let j(q) = -q - 1. Suppose 2*m + 3*m - 5 = 0. Let p(v) = m*n(v) + 6*j(v). Calculate p(5).
6
Let h(t) = t**3 - 3*t**2 - t - 3. Let z(u) = -u**3 + 2*u**2 + u + 4. Let s(n) = 2*h(n) + 3*z(n). Let b = -8 + 8. Determine s(b).
6
Let w(k) = -k**3 - k**2 + 1. Let z be w(-1). Let q(o) = -16*o**3 - o**2. Give q(z).
-17
Let y(v) = -v**3 - 6*v**2 - 4*v - 6. Let j(z) = z. Let t be j(3). Let x be t/((-3)/(-2))*2. Suppose 0*o = -x*o - 20. Determine y(o).
-11
Let z(d) = 53 - 3*d + 0*d - 57. Suppose -11 = 3*i - 2. What is z(i)?
5
Let h(k) = -9*k - 1. Let d = -5 - -3. Let l be (0 + d - -11)/(-1). Let m be 21/(-27) + 2/l. Determine h(m).
8
Suppose -4 = -2*o - 0. Let w(a) = a**2 + 3*a + 0*a**o - 3*a. Give w(-1).
1
Let c(h) be the second derivative of h**4/2 + h**2/2 + 12*h. What is c(1)?
7
Let a(x) = x**2 + 3*x + 0*x**2 + x + 4 - 5. L